{"id":255,"date":"2017-11-29T11:35:16","date_gmt":"2017-11-29T10:35:16","guid":{"rendered":"https:\/\/akademie-sexualtherapie.de\/blog\/?page_id=255"},"modified":"2025-02-05T07:04:44","modified_gmt":"2025-02-05T06:04:44","slug":"drogen-und-alkohol","status":"publish","type":"page","link":"https:\/\/akademie-sexualtherapie.de\/blog\/drogen-und-alkohol\/","title":{"rendered":"Drogen und Alkohol"},"content":{"rendered":"\n<div class=\"wp-block-group alignfull has-background is-layout-flow wp-block-group-is-layout-flow\" style=\"background-color:#ffffff\">\n<h1 class=\"wp-block-heading\" id=\"drogen-und-alkohol\">Drogen und Alkohol<\/h1>\n<\/div>\n\n\n\n<div class=\"wp-block-columns alignwide is-layout-flex wp-container-core-columns-is-layout-28f84493 wp-block-columns-is-layout-flex\">\n<div class=\"wp-block-column is-layout-flow wp-block-column-is-layout-flow\" style=\"flex-basis:33.33%\">\n<figure class=\"wp-block-image size-large\"><img fetchpriority=\"high\" decoding=\"async\" width=\"424\" height=\"313\" src=\"https:\/\/akademie-sexualtherapie.de\/blog\/wp-content\/uploads\/2018\/11\/Fotolia_160893074_XS.jpg\" alt=\"Drogen und Alkohol als Thema der Sexualtherapie\" class=\"wp-image-969\" srcset=\"https:\/\/akademie-sexualtherapie.de\/blog\/wp-content\/uploads\/2018\/11\/Fotolia_160893074_XS.jpg 424w, https:\/\/akademie-sexualtherapie.de\/blog\/wp-content\/uploads\/2018\/11\/Fotolia_160893074_XS-300x221.jpg 300w\" sizes=\"(max-width: 424px) 100vw, 424px\" \/><\/figure>\n<\/div>\n\n\n\n<div class=\"wp-block-column is-layout-flow wp-block-column-is-layout-flow\" style=\"flex-basis:66.66%\">\n<p>Dorogen und Alkohol- Fortbildung Sexualtherapie<br \/><a href=\"\/\/akademie-sexualtherapie.de\/blog\/ausbildung-sexualtherapie-erstes-studienjahr\/\">Zur\u00fcck zur Gesamt\u00fcbersicht \u00fcber das erste Studienjahr<\/a><\/p>\n<h6>Fortbildung Sexualtherapie<\/h6>\n<h4>3. Kurseinheit <br \/>Drogen und Alkohol<\/h4>\n<h6>Sexuelle Probleme, Drogen und Alkohol<\/h6>\n<p>Die Alkoholkrankheit eines der beiden Partner (oder auch beider Partner) geh\u00f6rt zu den h\u00e4ufigen Beziehungsproblemen.<\/p>\n<p>Dabei ist nicht nur der erkrankte Partner betroffen: auch der nichterkrankte Partner ger\u00e4t nicht selten in den Strudel der Co-Abh\u00e4ngigkeit, wenn er oder sie versucht, nach au\u00dfen hin den Anschein normalen Lebens aufrechtzuerhalten und sich in falscher Hoffnung immer mehr in die Zw\u00e4nge der Sucht der Partners mitverwickelt. Hier sind therapeutische Strategien zur Abgrenzung wichtig, um Betroffene in ihrer Not zu unterst\u00fctzen.<\/p>\n<p>Jede Droge -egal ob Alkohol, Cannabis, Amphetamine, Tablettenmissbrauch oder andere psychotrope Substanzen- ver\u00e4ndert das menschliche Gehirn und f\u00fchrt zu teilweise irreversiblen Sch\u00e4den. Alkoholkrankheit und Drogenabh\u00e4ngigkeit k\u00f6nnen auch komorbid zu weiteren psychischen St\u00f6rungsbilder auftreten, wie z.B. Depressionen oder Zwangsst\u00f6rungen. Auch k\u00f6rperliche Folgen wie Libidoverlust oder Impotenz sind m\u00f6glich.<\/p>\n<p>F\u00fcr eine Therapie ist es wichtig, Sch\u00e4digungen durch Drogen und Alkohol zu kennen und in die therapeutischen Entscheidungen einzubeziehen. in vielen F\u00e4llen w\u00e4re der Beginn einer Psychotherapie ohne vorausgehenden Entzug in einer Suchtklinik beim betroffenen Klienten ein therapeutischer Fehler.<\/p>\n<p>An diesem Wochenende geht es sowohl um die Hilfsm\u00f6glichkeiten, die der Therapeut betroffenen Klienten und deren Angeh\u00f6rigen geben kann, wie auch um das Wissen der eigenen Grenzen.<\/p>\n<h4>Lernziele<\/h4>\n<ul>\n<li>Kenntnis wichtiger Drogen und ihrer psychischen Wirkungen<\/li>\n<li>Diagnostische Kenntnisse und Instrumentarien zur Beurteilung von Alkoholkrankheit und Drogenabh\u00e4ngigkeit<\/li>\n<li>Kenntnis des Ph\u00e4nomens der Co-Abh\u00e4ngigkeit nahestehender Personen<\/li>\n<li>Wissen um die Notwendigkeit suchtmedizinischer Behandlung<\/li>\n<\/ul>\n<h4>Praktische \u00dcbungen<\/h4>\n<p>Auch bei diesem Wochenende sind praktische \u00dcbungen wesentlicher Bestandteil der Fortbildung:<\/p>\n<ul>\n<li>\u00dcbungen in Kleingruppen zum diagnostischen Gespr\u00e4ch<\/li>\n<li>\u00dcbungen zum therapeutischen Gespr\u00e4chs mit co-abh\u00e4ngigen Angeh\u00f6rigen<\/li>\n<li>Vertiefung praktischer Kenntnisse in der Gespr\u00e4chstherapie nach Carl Rogers<\/li>\n<\/ul>\n<h4>Drogen und Alkohol-<br \/>Fallbeispiele und weitere Informationen<\/h4>\n<ul>\n<li><a href=\"\/\/sexualtherapie.online\/blog\/alkohol-und-gewalt-partnerschaft\/\">Alkohol und Gewalt in der Partnerschaft<\/a><\/li>\n<li><a href=\"\/\/sexualtherapie.online\/blog\/alkohol-mein-partner-trinkt-zu-viel\/\">Mein Partner trinkt zu viel<\/a><\/li>\n<\/ul>\n<h4>Lesen Sie weiter:<\/h4>\n<p><a href=\"https:\/\/akademie-sexualtherapie.de\/blog\/persoenlichkeitsstoerungen\/\">4. Kurseinheit: Pers\u00f6nlichkeitsst\u00f6rungen<\/a><\/p>\n<\/div>\n<\/div>\n\n\n\n<p><\/p>\n","protected":false},"excerpt":{"rendered":"<p>Drogen und Alkohol Dorogen und Alkohol- Fortbildung SexualtherapieZur\u00fcck zur Gesamt\u00fcbersicht \u00fcber das erste Studienjahr Fortbildung Sexualtherapie 3. Kurseinheit Drogen und [&hellip;]<\/p>\n","protected":false},"author":1,"featured_media":0,"parent":0,"menu_order":0,"comment_status":"closed","ping_status":"closed","template":"","meta":{"footnotes":""},"class_list":["post-255","page","type-page","status-publish"],"yoast_head":"<!-- This site is optimized with the Yoast SEO plugin v27.4 - https:\/\/yoast.com\/product\/yoast-seo-wordpress\/ -->\n<title>Drogen und Alkohol - AKST - Akademie f\u00fcr Sexualtherapie und Psychotherapie<\/title>\n<meta name=\"robots\" content=\"index, follow, max-snippet:-1, max-image-preview:large, max-video-preview:-1\" \/>\n<link rel=\"canonical\" href=\"https:\/\/akademie-sexualtherapie.de\/blog\/drogen-und-alkohol\/\" \/>\n<meta property=\"og:locale\" content=\"de_DE\" \/>\n<meta property=\"og:type\" content=\"article\" \/>\n<meta property=\"og:title\" content=\"Drogen und Alkohol - AKST - Akademie f\u00fcr Sexualtherapie und Psychotherapie\" \/>\n<meta property=\"og:description\" content=\"Drogen und Alkohol Dorogen und Alkohol- Fortbildung SexualtherapieZur\u00fcck zur Gesamt\u00fcbersicht \u00fcber das erste Studienjahr Fortbildung Sexualtherapie 3. Kurseinheit Drogen und [&hellip;]\" \/>\n<meta property=\"og:url\" content=\"https:\/\/akademie-sexualtherapie.de\/blog\/drogen-und-alkohol\/\" \/>\n<meta property=\"og:site_name\" content=\"AKST - Akademie f\u00fcr Sexualtherapie und Psychotherapie\" \/>\n<meta property=\"article:publisher\" content=\"https:\/\/www.facebook.com\/Dr.Petery\" \/>\n<meta property=\"article:modified_time\" content=\"2025-02-05T06:04:44+00:00\" \/>\n<meta property=\"og:image\" content=\"https:\/\/akademie-sexualtherapie.de\/blog\/wp-content\/uploads\/2018\/11\/Fotolia_160893074_XS.jpg\" \/>\n<meta name=\"twitter:card\" content=\"summary_large_image\" \/>\n<meta name=\"twitter:label1\" content=\"Gesch\u00e4tzte Lesezeit\" \/>\n\t<meta name=\"twitter:data1\" content=\"2\u00a0Minuten\" \/>\n<script type=\"application\/ld+json\" class=\"yoast-schema-graph\">{\"@context\":\"https:\\\/\\\/schema.org\",\"@graph\":[{\"@type\":\"WebPage\",\"@id\":\"https:\\\/\\\/akademie-sexualtherapie.de\\\/blog\\\/drogen-und-alkohol\\\/\",\"url\":\"https:\\\/\\\/akademie-sexualtherapie.de\\\/blog\\\/drogen-und-alkohol\\\/\",\"name\":\"Drogen und Alkohol - AKST - Akademie f\u00fcr Sexualtherapie und Psychotherapie\",\"isPartOf\":{\"@id\":\"https:\\\/\\\/akademie-sexualtherapie.de\\\/blog\\\/#website\"},\"primaryImageOfPage\":{\"@id\":\"https:\\\/\\\/akademie-sexualtherapie.de\\\/blog\\\/drogen-und-alkohol\\\/#primaryimage\"},\"image\":{\"@id\":\"https:\\\/\\\/akademie-sexualtherapie.de\\\/blog\\\/drogen-und-alkohol\\\/#primaryimage\"},\"thumbnailUrl\":\"https:\\\/\\\/akademie-sexualtherapie.de\\\/blog\\\/wp-content\\\/uploads\\\/2018\\\/11\\\/Fotolia_160893074_XS.jpg\",\"datePublished\":\"2017-11-29T10:35:16+00:00\",\"dateModified\":\"2025-02-05T06:04:44+00:00\",\"breadcrumb\":{\"@id\":\"https:\\\/\\\/akademie-sexualtherapie.de\\\/blog\\\/drogen-und-alkohol\\\/#breadcrumb\"},\"inLanguage\":\"de\",\"potentialAction\":[{\"@type\":\"ReadAction\",\"target\":[\"https:\\\/\\\/akademie-sexualtherapie.de\\\/blog\\\/drogen-und-alkohol\\\/\"]}]},{\"@type\":\"ImageObject\",\"inLanguage\":\"de\",\"@id\":\"https:\\\/\\\/akademie-sexualtherapie.de\\\/blog\\\/drogen-und-alkohol\\\/#primaryimage\",\"url\":\"https:\\\/\\\/akademie-sexualtherapie.de\\\/blog\\\/wp-content\\\/uploads\\\/2018\\\/11\\\/Fotolia_160893074_XS.jpg\",\"contentUrl\":\"https:\\\/\\\/akademie-sexualtherapie.de\\\/blog\\\/wp-content\\\/uploads\\\/2018\\\/11\\\/Fotolia_160893074_XS.jpg\",\"width\":424,\"height\":313,\"caption\":\"Drogen und Alkohol als Thema der Sexualtherapie\"},{\"@type\":\"BreadcrumbList\",\"@id\":\"https:\\\/\\\/akademie-sexualtherapie.de\\\/blog\\\/drogen-und-alkohol\\\/#breadcrumb\",\"itemListElement\":[{\"@type\":\"ListItem\",\"position\":1,\"name\":\"Startseite\",\"item\":\"https:\\\/\\\/akademie-sexualtherapie.de\\\/blog\\\/\"},{\"@type\":\"ListItem\",\"position\":2,\"name\":\"Drogen und Alkohol\"}]},{\"@type\":\"WebSite\",\"@id\":\"https:\\\/\\\/akademie-sexualtherapie.de\\\/blog\\\/#website\",\"url\":\"https:\\\/\\\/akademie-sexualtherapie.de\\\/blog\\\/\",\"name\":\"Akademie f\u00fcr Sexualtherapie (AKST)\",\"description\":\"\",\"publisher\":{\"@id\":\"https:\\\/\\\/akademie-sexualtherapie.de\\\/blog\\\/#organization\"},\"potentialAction\":[{\"@type\":\"SearchAction\",\"target\":{\"@type\":\"EntryPoint\",\"urlTemplate\":\"https:\\\/\\\/akademie-sexualtherapie.de\\\/blog\\\/?s={search_term_string}\"},\"query-input\":{\"@type\":\"PropertyValueSpecification\",\"valueRequired\":true,\"valueName\":\"search_term_string\"}}],\"inLanguage\":\"de\"},{\"@type\":\"Organization\",\"@id\":\"https:\\\/\\\/akademie-sexualtherapie.de\\\/blog\\\/#organization\",\"name\":\"AKST Akademie f\u00fcr Sexualtherapie\",\"url\":\"https:\\\/\\\/akademie-sexualtherapie.de\\\/blog\\\/\",\"logo\":{\"@type\":\"ImageObject\",\"inLanguage\":\"de\",\"@id\":\"https:\\\/\\\/akademie-sexualtherapie.de\\\/blog\\\/#\\\/schema\\\/logo\\\/image\\\/\",\"url\":\"https:\\\/\\\/akademie-sexualtherapie.de\\\/blog\\\/wp-content\\\/uploads\\\/2019\\\/01\\\/Sexualtherapie-Dr.-Petery.jpg\",\"contentUrl\":\"https:\\\/\\\/akademie-sexualtherapie.de\\\/blog\\\/wp-content\\\/uploads\\\/2019\\\/01\\\/Sexualtherapie-Dr.-Petery.jpg\",\"width\":592,\"height\":510,\"caption\":\"AKST Akademie f\u00fcr Sexualtherapie\"},\"image\":{\"@id\":\"https:\\\/\\\/akademie-sexualtherapie.de\\\/blog\\\/#\\\/schema\\\/logo\\\/image\\\/\"},\"sameAs\":[\"https:\\\/\\\/www.facebook.com\\\/Dr.Petery\"]}]}<\/script>\n<!-- \/ Yoast SEO plugin. -->","yoast_head_json":{"title":"Drogen und Alkohol - AKST - Akademie f\u00fcr Sexualtherapie und Psychotherapie","robots":{"index":"index","follow":"follow","max-snippet":"max-snippet:-1","max-image-preview":"max-image-preview:large","max-video-preview":"max-video-preview:-1"},"canonical":"https:\/\/akademie-sexualtherapie.de\/blog\/drogen-und-alkohol\/","og_locale":"de_DE","og_type":"article","og_title":"Drogen und Alkohol - AKST - Akademie f\u00fcr Sexualtherapie und Psychotherapie","og_description":"Drogen und Alkohol Dorogen und Alkohol- Fortbildung SexualtherapieZur\u00fcck zur Gesamt\u00fcbersicht \u00fcber das erste Studienjahr Fortbildung Sexualtherapie 3. Kurseinheit Drogen und [&hellip;]","og_url":"https:\/\/akademie-sexualtherapie.de\/blog\/drogen-und-alkohol\/","og_site_name":"AKST - Akademie f\u00fcr Sexualtherapie und Psychotherapie","article_publisher":"https:\/\/www.facebook.com\/Dr.Petery","article_modified_time":"2025-02-05T06:04:44+00:00","og_image":[{"url":"https:\/\/akademie-sexualtherapie.de\/blog\/wp-content\/uploads\/2018\/11\/Fotolia_160893074_XS.jpg","type":"","width":"","height":""}],"twitter_card":"summary_large_image","twitter_misc":{"Gesch\u00e4tzte Lesezeit":"2\u00a0Minuten"},"schema":{"@context":"https:\/\/schema.org","@graph":[{"@type":"WebPage","@id":"https:\/\/akademie-sexualtherapie.de\/blog\/drogen-und-alkohol\/","url":"https:\/\/akademie-sexualtherapie.de\/blog\/drogen-und-alkohol\/","name":"Drogen und Alkohol - AKST - Akademie f\u00fcr Sexualtherapie und Psychotherapie","isPartOf":{"@id":"https:\/\/akademie-sexualtherapie.de\/blog\/#website"},"primaryImageOfPage":{"@id":"https:\/\/akademie-sexualtherapie.de\/blog\/drogen-und-alkohol\/#primaryimage"},"image":{"@id":"https:\/\/akademie-sexualtherapie.de\/blog\/drogen-und-alkohol\/#primaryimage"},"thumbnailUrl":"https:\/\/akademie-sexualtherapie.de\/blog\/wp-content\/uploads\/2018\/11\/Fotolia_160893074_XS.jpg","datePublished":"2017-11-29T10:35:16+00:00","dateModified":"2025-02-05T06:04:44+00:00","breadcrumb":{"@id":"https:\/\/akademie-sexualtherapie.de\/blog\/drogen-und-alkohol\/#breadcrumb"},"inLanguage":"de","potentialAction":[{"@type":"ReadAction","target":["https:\/\/akademie-sexualtherapie.de\/blog\/drogen-und-alkohol\/"]}]},{"@type":"ImageObject","inLanguage":"de","@id":"https:\/\/akademie-sexualtherapie.de\/blog\/drogen-und-alkohol\/#primaryimage","url":"https:\/\/akademie-sexualtherapie.de\/blog\/wp-content\/uploads\/2018\/11\/Fotolia_160893074_XS.jpg","contentUrl":"https:\/\/akademie-sexualtherapie.de\/blog\/wp-content\/uploads\/2018\/11\/Fotolia_160893074_XS.jpg","width":424,"height":313,"caption":"Drogen und Alkohol als Thema der Sexualtherapie"},{"@type":"BreadcrumbList","@id":"https:\/\/akademie-sexualtherapie.de\/blog\/drogen-und-alkohol\/#breadcrumb","itemListElement":[{"@type":"ListItem","position":1,"name":"Startseite","item":"https:\/\/akademie-sexualtherapie.de\/blog\/"},{"@type":"ListItem","position":2,"name":"Drogen und Alkohol"}]},{"@type":"WebSite","@id":"https:\/\/akademie-sexualtherapie.de\/blog\/#website","url":"https:\/\/akademie-sexualtherapie.de\/blog\/","name":"Akademie f\u00fcr Sexualtherapie (AKST)","description":"","publisher":{"@id":"https:\/\/akademie-sexualtherapie.de\/blog\/#organization"},"potentialAction":[{"@type":"SearchAction","target":{"@type":"EntryPoint","urlTemplate":"https:\/\/akademie-sexualtherapie.de\/blog\/?s={search_term_string}"},"query-input":{"@type":"PropertyValueSpecification","valueRequired":true,"valueName":"search_term_string"}}],"inLanguage":"de"},{"@type":"Organization","@id":"https:\/\/akademie-sexualtherapie.de\/blog\/#organization","name":"AKST Akademie f\u00fcr Sexualtherapie","url":"https:\/\/akademie-sexualtherapie.de\/blog\/","logo":{"@type":"ImageObject","inLanguage":"de","@id":"https:\/\/akademie-sexualtherapie.de\/blog\/#\/schema\/logo\/image\/","url":"https:\/\/akademie-sexualtherapie.de\/blog\/wp-content\/uploads\/2019\/01\/Sexualtherapie-Dr.-Petery.jpg","contentUrl":"https:\/\/akademie-sexualtherapie.de\/blog\/wp-content\/uploads\/2019\/01\/Sexualtherapie-Dr.-Petery.jpg","width":592,"height":510,"caption":"AKST Akademie f\u00fcr Sexualtherapie"},"image":{"@id":"https:\/\/akademie-sexualtherapie.de\/blog\/#\/schema\/logo\/image\/"},"sameAs":["https:\/\/www.facebook.com\/Dr.Petery"]}]}},"_links":{"self":[{"href":"https:\/\/akademie-sexualtherapie.de\/blog\/wp-json\/wp\/v2\/pages\/255","targetHints":{"allow":["GET"]}}],"collection":[{"href":"https:\/\/akademie-sexualtherapie.de\/blog\/wp-json\/wp\/v2\/pages"}],"about":[{"href":"https:\/\/akademie-sexualtherapie.de\/blog\/wp-json\/wp\/v2\/types\/page"}],"author":[{"embeddable":true,"href":"https:\/\/akademie-sexualtherapie.de\/blog\/wp-json\/wp\/v2\/users\/1"}],"replies":[{"embeddable":true,"href":"https:\/\/akademie-sexualtherapie.de\/blog\/wp-json\/wp\/v2\/comments?post=255"}],"version-history":[{"count":0,"href":"https:\/\/akademie-sexualtherapie.de\/blog\/wp-json\/wp\/v2\/pages\/255\/revisions"}],"wp:attachment":[{"href":"https:\/\/akademie-sexualtherapie.de\/blog\/wp-json\/wp\/v2\/media?parent=255"}],"curies":[{"name":"wp","href":"https:\/\/api.w.org\/{rel}","templated":true}]}}